-1).
22
Let m(h) = h**2 + 32*h + 109. What is m(-26)?
-47
Let c(s) = -s**3 - 3*s**2 + 84*s + 14. Determine c(8).
-18
Let g(y) = -y**2 - 5*y - 3. What is g(-2)?
3
Let g(q) = q**3 - 6*q**2 + 5*q - 4. Calculate g(5).
-4
Let w(r) = r**2 + 5*r - 56. Calculate w(-9).
-20
Let t(c) = 373*c + 375. Determine t(-1).
2
Let k(w) = 5*w - 7. What is k(-5)?
-32
Let y(t) = 21*t + 187. Determine y(-9).
-2
Let v(k) = -k**2 + 51*k + 537. Give v(-9).
-3
Let q(u) = u + 5. Calculate q(-6).
-1
Let l(a) = 2*a**2 - 24*a - 8. Determine l(12).
-8
Let n(q) = -q**2 + 9*q - 40. Calculate n(6).
-22
Let u(g) = g**3 + 3*g**2 + g + 9. Determine u(-4).
-11
Let y(q) = -3*q**3 - 47*q**2 + 17*q + 13. Determine y(-16).
-3
Let c(m) = -2*m**2 + 23*m - 3. Give c(11).
8
Let t(p) = 2*p**2 + 19*p - 5. What is t(-8)?
-29
Let p(r) = -r**2 - 5*r - 2. Calculate p(-8).
-26
Let p(l) = 3*l + 17. Calculate p(-6).
-1
Let i(m) = -10*m**3 - 2. Calculate i(1).
-12
Let z(w) = -w**2 + 15*w - 38. Determine z(6).
16
Let x(w) = w**3 + 13*w**2 - 10*w + 27. Determine x(-14).
-29
Let w(g) = -g**3 + 8*g**2 - 12*g + 19. Give w(8).
-77
Let u(y) = -y**3 - 4*y**2 + 17*y + 9. Determine u(-6).
-21
Let h(w) = -w**2 - 8*w - 6. What is h(-4)?
10
Let y(u) = -u**3 - 5*u**2 - 2*u + 3. Determine y(-4).
-5
Let q(k) = -14*k**2 + 350*k + 9. What is q(25)?
9
Let f(q) = -q**2 - 2*q + 6. Give f(-3).
3
Let c(m) = -m**3 - m**2 + 6*m - 10. Give c(-5).
60
Let m(x) = -3*x - 15. Determine m(0).
-15
Let u(g) = -12*g**2 + 178*g + 25. What is u(15)?
-5
Let q(b) = b**3 - 3*b**2 - 3*b - 2. What is q(3)?
-11
Let r(j) = 6*j - 3. What is r(4)?
21
Let t(x) = -11*x - 2. What is t(-1)?
9
Let f(s) = s**2 + 18*s + 3. What is f(-17)?
-14
Let l(t) = 2*t**2 - 5*t. Calculate l(3).
3
Let m(p) = -p**3 - 23*p**2 - 20*p + 43. Determine m(-22).
-1
Let c(k) = k - 11. Calculate c(19).
8
Let v(g) = -g**2 + 25*g. Give v(22).
66
Let v(p) = -p**3 - 5*p**2 + 62*p + 258. Give v(-4).
-6
Let j(b) = b**2 - 13*b + 12. Determine j(12).
0
Let x(k) = -2*k + 2. Calculate x(0).
2
Let i(h) = -h**3 + 7*h**2 - 11*h + 1. Determine i(5).
-4
Let t(s) = -2*s + 10. Give t(5).
0
Let h(x) = x**3 - 3*x**2 - 3*x + 5. What is h(4)?
9
Let c(s) = 3*s + 5. Determine c(-5).
-10
Let i(y) = -y**3 - 11*y**2 + 12*y + 16. Determine i(-12).
16
Let c(t) = t**3 - 31*t**2 - t + 25. Give c(31).
-6
Let m(t) = t**2 - 6*t - 9. Calculate m(-2).
7
Let g(s) = s**2 + 6*s - 2. Determine g(-8).
14
Let s(c) = -3*c + 9. Give s(4).
-3
Let v(k) = 6*k - 20. Calculate v(7).
22
Let h(b) = -5*b - 3. Determine h(-2).
7
Let f(c) = c**3 + c**2 - c + 1. Give f(2).
11
Let j(f) = -f**3 - 3*f**2 + 5*f + 2. What is j(-4)?
-2
Let d(a) = -10*a - 16. Calculate d(-1).
-6
Let t(m) = m**3 - 14*m**2 - 30*m - 25. What is t(16)?
7
Let o(n) = -3*n**2 - 4*n. What is o(3)?
-39
Let y(q) = -6*q + 18. Determine y(6).
-18
Let n(k) = 8*k - 4. What is n(6)?
44
Let w(j) = j**2 - j + 2. Give w(7).
44
Let x(b) = -3*b + 1. What is x(-3)?
10
Let n(v) = -v**2 - v - 2. Determine n(-1).
-2
Let m(q) = q - 17. Determine m(15).
-2
Let v(w) = -w**3 - 34*w**2 - 61*w + 86. What is v(-32)?
-10
Let p(h) = -h**3 - 9*h**2 - 14*h - 6. What is p(-7)?
-6
Let k(v) = -31*v - 523. Determine k(-17).
4
Let b(i) = i. Calculate b(-7).
-7
Let c(u) = u**3 - 9*u**2 + 5. Determine c(9).
5
Let g(r) = -r**2 - 11*r - 25. What is g(-7)?
3
Let f(c) = -3*c + 19. What is f(6)?
1
Let t(k) = -k**2 - 3*k + 3. Give t(-3).
3
Let t(f) = 31*f + 495. Determine t(-17).
-32
Let x(c) = c**2 - 32*c - 7. Give x(32).
-7
Let s(k) = -k**2 + 4*k + 29. Calculate s(-4).
-3
Let d(q) = -q**3 + 28*q**2 - 25*q - 60. What is d(27)?
-6
Let o(f) = f**2 - 12*f - 6. Determine o(10).
-26
Let o(f) = -f**2 + 10*f - 15. Give o(7).
6
Let o(i) = -13*i + 260. Calculate o(20).
0
Let j(c) = 12*c**3 - 5*c**2 + 5*c - 1. What is j(2)?
85
Let r(q) = -36*q + 25. Give r(1).
-11
Let x(d) = d**2 + 23*d + 17. Give x(-23).
17
Let h(s) = -2*s**2 - 31*s + 4. Determine h(-14).
46
Let z(c) = -c**2 + 7*c - 2. Calculate z(6).
4
Let d(r) = r**2 + 14*r - 21. Determine d(-15).
-6
Let c(t) = -4*t**2 - 3*t + 3. Calculate c(1).
-4
Let y(l) = 12*l**2. Calculate y(-1).
12
Let b(i) = -i**2 + i + 6. Give b(7).
-36
Let d(a) = 9*a + 8. What is d(-9)?
-73
Let l(x) = -x**3 + 18*x**2 + 39*x + 14. Determine l(20).
-6
Let s(n) = 2*n**2 + 2*n + 1. Give s(2).
13
Let b(h) = -h**3 + 23*h**2 - 44*h + 42. What is b(21)?
0
Let r(y) = -y**2 + y + 79. Determine r(-9).
-11
Let b(q) = -q**2 - 16*q + 14. Give b(-17).
-3
Let b(j) = -j**3 + 3*j**2 + j + 1. Calculate b(2).
7
Let b(y) = -y**3 + 5*y**2 - 8*y + 18. Determine b(4).
2
Let a(c) = -c + 22. Determine a(9).
13
Let f(g) = g**2 + 7*g - 1. Determine f(-9).
17
Let i(m) = m**2 + 11*m + 6. What is i(-11)?
6
Let l(b) = 4*b + 79. Give l(-20).
-1
Let i(o) = o**3 + 18*o**2 + 19*o - 19. Calculate i(-17).
-53
Let c(o) = 13*o - 2. What is c(1)?
11
Let k(q) = 10*q + 161. What is k(-16)?
1
Let o(k) = -k**3 + 4*k**2 + 29*k - 122. What is o(5)?
-2
Let v(a) = -2*a**3 - 5*a**2 - 12. Calculate v(-3).
-3
Let y(w) = -w**3 + 4*w**2 + 2*w - 1. Calculate y(-3).
56
Let y(o) = -7*o**3 - 3*o**2 - 4*o - 3. What is y(-2)?
49
Let s(x) = 13*x**2 + x - 1. What is s(1)?
13
Let z(b) = b**3 - 10*b**2 - 10*b + 3. Determine z(11).
14
Let u(t) = -t**3 + 8*t**2 - 10*t - 10. Determine u(6).
2
Let s(p) = -p**2 - 10*p + 11. Give s(-8).
27
Let w(s) = 12*s**3 - 16*s**2 - 14*s + 2. Calculate w(-1).
-12
Let l(h) = -h - 31. What is l(-13)?
-18
Let a(h) = -h**3 + 6*h**2 - 3*h + 19. What is a(6)?
1
Let c(z) = z**2 + 23*z - 19. Determine c(-24).
5
Let q(r) = -r**3 + 8*r**2 - 6*r + 7. Give q(5).
52
Let m(t) = t**2 + 6*t - 3. Determine m(-7).
4
Let b(g) = -2*g**2 - 58*g - 56. Calculate b(-28).
0
Let d(q) = -2*q**2 + q + 1. Determine d(2).
-5
Let o(k) = 3*k + 43. What is o(0)?
43
Let s(w) = 3*w + 18. Calculate s(-10).
-12
Let s(z) = 6*z - 161. What is s(27)?
1
Let t(v) = -v**2 - 17*v - 14. Give t(-16).
2
Let j(k) = 27*k + 10. Calculate j(-5).
-125
Let i(q) = 2*q**2 + 57*q - 26. Give i(-29).
3
Let f(b) = -b**3 - 5*b**2 - b + 7. Calculate f(-4).
-5
Let d(f) = f**3 + 13*f**2 + 3*f + 28. Calculate d(-13).
-11
Let s(o) = 75*o**2 + 2*o + 1. What is s(-1)?
74
Let y(a) = -a**3 + 15*a**2 - 15*a + 9. What is y(14)?
-5
Let y(b) = -b**3 + 11*b**2 - 1. Calculate y(4).
111
Let j(u) = u**3 + 12*u**2 + 5*u - 5. Calculate j(-12).
-65
Let v(j) = 3*j + 18. What is v(-7)?
-3
Let p(d) = 12*d + 3. Calculate p(5).
63
Let r(h) = 2*h - 17. What is r(6)?
-5
Let a(i) = -2*i + 47. Determine a(34).
-21
Let t(a) = -a**3 - 6*a**2 - 10*a - 67. What is t(-6)?
-7
Let k(o) = -o**3 + 4*o**2 - o + 7. Determine k(5).
-23
Let f(x) = x**3 - 17*x**2 + 17*x - 5. What is f(16)?
11
Let t(r) = r**2 - 18*r - 14. Give t(18).
-14
Let b(i) = -10*i + 53. Calculate b(4).
13
Let o(t) = t**3 + 8*t**2 - 8*t - 1. Calculate o(-9).
-10
Let p(c) = -2*c - 8. Give p(-2).
-4
Let u(h) = -11*h + 126. Calculate u(12).
-6
Let m(j) = 19*j**2 + 3*j - 2. Calculate m(1).
20
Let p(n) = -n**3 + 8*n**2 - 7*n - 10. What is p(7)?
-10
Let y(l) = -l**2 + 9*l + 1. What is y(9)?
1
Let o(c) = c**3 + 14*c**2 + 6*c - 37. Calculate o(-13).
54
Let n(g) = 6*g**3 - g + 1. Determine n(1).
6
Let z(r) = r**2 - r + 11. Determine z(4).
23
Let n(q) = q**2 - 13*q - 4. Determine n(14).
10
Let a(l) = l**3 - 16*l**2 - 2*l + 6. Calculate a(16).
-26
Let k(g) = -g**3 - 26*g**2 - 52*g - 8. Give k(-24).
88
Let n(g) = -3*g - 11. Calculate n(0).
-11
Let h(y) = 3*y**3 + 2*y**2 - 3*y - 3. Give h(-2).
-13
Let v(w) = 55*w - 52. Calculate v(1).
3
Let z(k) = -3*k - 56. Determine z(-19).
1
Let g(n) = -n**2 - 28*n - 17. What is g(-28)?
-17
Let d(j) = 9*j**2 - 11*j + 1. Calculate d(3).
49
Let s(m) = 42*m**3 - 35*m - 35. Calculate s(-1).
-42
Let j(x) = 13*x**2 - 390*x + 8. What is j(30)?
8
Let j(o) = -2*o**3 - 67*o**2 + 34*o - 40. Give j(-34).
-40
Let y(u) = -9*u + 29. Calculate y(4).
-7
Let i(j) = -j**2 - 18*j - 92. Determine i(-12).
-20
Let p(w) = -w**3 + 4*w**2 - 6*w + 10. Give p(3).
1
Let f(o) = 8*o**2 + 1. Give f(1).
9
Let y(n) = -6*n**2 - 2*n + 2. Calculate y(1).
-6
Let c(z) = z**2 - z - 16. Give c(5).
4
Let o(n) = 2*n + 50. Calculate o(-26).
-2
Let g(m) = 2*m + 7. What is g(-3)?
1
Let d(m) = 14*m + 6. Determine d(-5).
-64
Let g(f) = -15*f - 677. Give g(-45).
-2
Let c(o) = -o**3 - 21*o**2 - 79*o + 22. Determine c(-16).
6
Let w(q) = -q + 97. What is w(5)?
9